{"id":821,"date":"2021-05-18T19:34:16","date_gmt":"2021-05-18T22:34:16","guid":{"rendered":"https:\/\/ceara.fiocruz.br\/serpovos\/?page_id=821"},"modified":"2021-07-28T12:06:50","modified_gmt":"2021-07-28T15:06:50","slug":"cadastro-comunidades","status":"publish","type":"page","link":"https:\/\/ceara.fiocruz.br\/serpovos\/cadastro-comunidades\/","title":{"rendered":"Cadastro comunidades"},"content":{"rendered":"\n<div class=\"wp-block-getwid-section alignfull alignfull\"><div class=\"wp-block-getwid-section__wrapper\"><div class=\"wp-block-getwid-section__inner-wrapper\"><div class=\"wp-block-getwid-section__background-holder\"><div class=\"wp-block-getwid-section__background has-background has-palette-color-3-background-color\"><\/div><div class=\"wp-block-getwid-section__foreground\"><\/div><\/div><div class=\"wp-block-getwid-section__content\"><div class=\"wp-block-getwid-section__inner-content\">\n<p class=\"has-text-align-center underline-amarelo\"><a href=\"https:\/\/ceara.fiocruz.br\/serpovos\/\" data-type=\"page\" data-id=\"2\"><span style=\"color: var(--theme-palette-color-5, #ffe000);\" class=\"ugb-highlight\">VOLTAR PARA O SITE<\/span><\/a><\/p>\n<\/div><\/div><\/div><\/div><\/div>\n\n\n\n<div class=\"wp-block-getwid-section has-inner-blocks-gap-small\"><div class=\"wp-block-getwid-section__wrapper\"><div class=\"wp-block-getwid-section__inner-wrapper\"><div class=\"wp-block-getwid-section__background-holder\"><div class=\"wp-block-getwid-section__background\"><\/div><div class=\"wp-block-getwid-section__foreground\"><\/div><\/div><div class=\"wp-block-getwid-section__content\"><div class=\"wp-block-getwid-section__inner-content\">\n<p class=\"has-text-align-center xilosa\" style=\"font-size:clamp(20px, 1.25rem + ((1vw - 3.2px) * 0.938), 32px);px\">Question\u00e1rio de cadastro de experi\u00eancias de cuidados \u00e0 sa\u00fade<\/p>\n\n\n\n<p class=\"has-text-align-center\" style=\"font-size:clamp(14.082px, 0.88rem + ((1vw - 3.2px) * 0.54), 21px);\"> REALIZADAS POR ATORES DA COMUNIDADES, MOVIMENTOS SOCIAIS OU ENTIDADES<\/p>\n<\/div><\/div><\/div><\/div><\/div>\n\n\n\n<div class=\"wp-block-getwid-section alignfull alignfull getwid-margin-bottom-large\"><div class=\"wp-block-getwid-section__wrapper\"><div class=\"wp-block-getwid-section__inner-wrapper\"><div class=\"wp-block-getwid-section__background-holder\"><div class=\"wp-block-getwid-section__background\"><\/div><div class=\"wp-block-getwid-section__foreground\"><\/div><\/div><div class=\"wp-block-getwid-section__content\"><div class=\"wp-block-getwid-section__inner-content\"><div id=\"vfb-form-6\" class=\"visual-form-builder-container\"><form id=\"-6\" class=\"visual-form-builder vfb-form-6 \" method=\"post\" enctype=\"multipart\/form-data\">\n\t  \t<input type=\"hidden\" name=\"form_id\" value=\"0\" \/><\/ul>&nbsp;<\/fieldset><fieldset class=\"vfb-fieldset vfb-verification\" style=\"display:block\">\n\t\t\t\t<div class=\"vfb-legend\"><h3>Verification<\/h3><\/div>\n\t\t\t\t<ul class=\"vfb-section vfb-section-1\">\n\t\t\t\t<li class=\"vfb-item vfb-item-text\" style=\"display:block\">\n\t\t\t\t<label for=\"vfb-secret\" class=\"vfb-desc\">Please enter any two digits with &lt;strong&gt;no&lt;\/strong&gt; spaces (Example: 12)<span>*<\/span><\/label>\n\t\t\t\t<div><input type=\"text\" name=\"vfb-secret\" id=\"vfb-secret\" class=\"vfb-text vfb-medium\" style=\"display:block\" \/><\/div>\n\t\t\t\t<\/li><li style=\"display:none;\"><label>This box is for spam protection - &lt;strong&gt;please leave it blank&lt;\/strong&gt;:<\/label><div><input name=\"vfb-spam\" \/><\/div><\/li>\n\t\t\tSubmit<\/ul>\n\t\t\t<\/fieldset><input type=\"hidden\" name=\"_wp_http_referer\" value=\"\/serpovos\/wp-json\/wp\/v2\/pages\/821\" \/><\/form><\/div> <!-- .visual-form-builder-container -->\n<\/div><\/div><\/div><\/div><\/div>\n\n\n\n<div class=\"wp-block-getwid-section alignfull secao-laranja alignfull has-inner-blocks-gap-none getwid-margin-bottom-none\"><div class=\"wp-block-getwid-section__wrapper getwid-padding-top-normal getwid-padding-bottom-normal getwid-padding-left-large getwid-padding-right-large getwid-padding-mobile-top-medium getwid-padding-mobile-bottom-medium getwid-padding-mobile-left-medium getwid-padding-mobile-right-medium\"><div class=\"wp-block-getwid-section__inner-wrapper\"><div class=\"wp-block-getwid-section__background-holder\"><div class=\"wp-block-getwid-section__background has-background has-palette-color-7-background-color\"><\/div><div class=\"wp-block-getwid-section__foreground\"><\/div><\/div><div class=\"wp-block-getwid-section__content\"><div class=\"wp-block-getwid-section__inner-content\">\n<p class=\"has-palette-color-8-color has-text-color has-link-color wp-elements-c2e23b7b898deeea1d8b666b1beb5ba1\"><strong>Projeto Estrat\u00e9gia Sa\u00fade da Fam\u00edlia: di\u00e1logos, saberes e pr\u00e1ticas inovadoras e emancipat\u00f3rias em respostas \u00e0s necessidades sociais em sa\u00fade nos territ\u00f3rios do campo, da floresta e das \u00e1guas no Cear\u00e1\/Brasil, coordenado pela Funda\u00e7\u00e3o Oswaldo Cruz (Fiocruz Cear\u00e1), com o apoio dos Programas de Pol\u00edticas P\u00fablicas e Modelos de Aten\u00e7\u00e3o e Gest\u00e3o \u00e0 Sa\u00fade da Vice-Presid\u00eancia de Pesquisa e Cole\u00e7\u00f5es Biol\u00f3gicas (Rede PMA) e Inova Fiocruz.&nbsp;<\/strong><\/p>\n<\/div><\/div><\/div><\/div><\/div>\n\n\n\n<p><\/p>\n","protected":false},"excerpt":{"rendered":"","protected":false},"author":1,"featured_media":0,"parent":0,"menu_order":0,"comment_status":"closed","ping_status":"closed","template":"","meta":{"_acf_changed":false,"footnotes":""},"class_list":["post-821","page","type-page","status-publish","hentry"],"blocksy_meta":{"styles_descriptor":{"styles":{"desktop":"","tablet":"","mobile":""},"google_fonts":[],"version":6},"page_title_panel":"","has_hero_section":"disabled","5ed3044ad7ab9ee0973f34022b39adc3":"","hero_section":"type-1","hero_elements":[{"id":"custom_title","enabled":true,"heading_tag":"h1","title":"P\u00e1gina inicial"},{"id":"custom_description","enabled":true,"description_visibility":{"desktop":true,"tablet":true,"mobile":false}},{"id":"custom_meta","enabled":false,"meta_elements":[{"id":"author","enabled":true,"label":"Por","has_author_avatar":"yes","avatar_size":25},{"id":"post_date","enabled":true,"label":"Em","date_format_source":"default","date_format":"M j, Y"},{"id":"comments","enabled":true}],"page_meta_elements":{"joined":true,"articles_count":true,"comments":true}},{"id":"breadcrumbs","enabled":false}],"bc9f256b9c6e13057240941cfcf41ca9":"","hero_alignment1":"left","hero_margin":40,"hero_alignment2":"center","hero_vertical_alignment":"center","57cd6e7684612535ad6eefbcff0d862a":"","hero_structure":"narrow","36ec31883951a054fd4c71bcb0f71a41":"","page_title_bg_type":"featured_image","custom_hero_background":{"attachment_id":null},"parallax":{"desktop":false,"tablet":false,"mobile":false},"f6156dde9743a6cb9d628e5734a888af":"","hero_height":"250px","pageTitleFont":{"family":"Default","variation":"Default","size":{"desktop":"32px","tablet":"30px","mobile":"25px"},"line-height":"CT_CSS_SKIP_RULE","letter-spacing":"CT_CSS_SKIP_RULE","text-transform":"CT_CSS_SKIP_RULE","text-decoration":"CT_CSS_SKIP_RULE"},"pageTitleFontColor":{"default":{"color":"CT_CSS_SKIP_RULEDEFAULT"}},"2dd26f53e5795548be5cfd5d04608bb1":"","pageMetaFont":{"family":"Default","variation":"n6","size":"12px","line-height":"1.3","letter-spacing":"CT_CSS_SKIP_RULE","text-transform":"uppercase","text-decoration":"CT_CSS_SKIP_RULE"},"pageMetaFontColor":{"default":{"color":"CT_CSS_SKIP_RULEDEFAULT"},"hover":{"color":"CT_CSS_SKIP_RULEDEFAULT"}},"page_meta_button_type_font_colors":{"default":{"color":"CT_CSS_SKIP_RULEDEFAULT"},"hover":{"color":"CT_CSS_SKIP_RULEDEFAULT"}},"page_meta_button_type_background_colors":{"default":{"color":"CT_CSS_SKIP_RULEDEFAULT"},"hover":{"color":"CT_CSS_SKIP_RULEDEFAULT"}},"a81540d4064a38b3652289f5b9885900":"","pageExcerptFont":{"family":"Default","variation":"Default","size":"CT_CSS_SKIP_RULE","line-height":"CT_CSS_SKIP_RULE","letter-spacing":"CT_CSS_SKIP_RULE","text-transform":"CT_CSS_SKIP_RULE","text-decoration":"CT_CSS_SKIP_RULE"},"pageExcerptColor":{"default":{"color":"CT_CSS_SKIP_RULEDEFAULT"}},"8261795a5a2c8e6c54e0307d4af2b57a":"","breadcrumbsFont":{"family":"Default","variation":"n6","size":"12px","line-height":"CT_CSS_SKIP_RULE","letter-spacing":"CT_CSS_SKIP_RULE","text-transform":"uppercase","text-decoration":"CT_CSS_SKIP_RULE"},"breadcrumbsFontColor":{"default":{"color":"CT_CSS_SKIP_RULEDEFAULT"},"initial":{"color":"CT_CSS_SKIP_RULEDEFAULT"},"hover":{"color":"CT_CSS_SKIP_RULEDEFAULT"}},"ea360dd6fdf7bfae9cd4ea2423a78f7d":"","pageTitleOverlay":{"default":{"color":"CT_CSS_SKIP_RULE"}},"c3bc30d8122d160c01bbf4ea69ea9b20":"","pageTitleBackground":{"background_type":"color","background_pattern":"type-1","background_image":{"attachment_id":null,"x":0,"y":0},"gradient":"linear-gradient(135deg,rgba(6,147,227,1) 0%,rgb(155,81,224) 100%)","background_repeat":"no-repeat","background_size":"auto","background_attachment":"scroll","patternColor":{"default":{"color":"#e5e7ea"}},"overlayColor":{"default":{"color":"CT_CSS_SKIP_RULE"}},"backgroundColor":{"default":{"color":"var(--theme-palette-color-6)"}}},"89a9b9a7279b9480900e23e22c1ecc75":"","pageTitlePadding":{"top":"50px","bottom":"50px","left":"auto","right":"auto","linked":true},"442933631de71e5dca4541432bd621c3":"","page_structure_type":"default","504afc378c2ddb9d6c30720d5a8aa2cb":"","content_style_source":"inherit","content_style":"wide","vertical_spacing_source":"custom","content_area_spacing":"none","background":{"background_type":"color","background_pattern":"type-1","background_image":{"attachment_id":null,"x":0,"y":0},"gradient":"linear-gradient(135deg,rgba(6,147,227,1) 0%,rgb(155,81,224) 100%)","background_repeat":"no-repeat","background_size":"auto","background_attachment":"scroll","patternColor":{"default":{"color":"#e5e7ea"}},"overlayColor":{"default":{"color":"CT_CSS_SKIP_RULE"}},"backgroundColor":{"default":{"color":"CT_CSS_SKIP_RULE"}}},"content_background":{"background_type":"color","background_pattern":"type-1","background_image":{"attachment_id":null,"x":0,"y":0},"gradient":"linear-gradient(135deg,rgba(6,147,227,1) 0%,rgb(155,81,224) 100%)","background_repeat":"no-repeat","background_size":"auto","background_attachment":"scroll","patternColor":{"default":{"color":"#e5e7ea"}},"overlayColor":{"default":{"color":"CT_CSS_SKIP_RULE"}},"backgroundColor":{"default":{"color":"var(--theme-palette-color-8)"}}},"content_boxed_shadow":{"inherit":false,"blur":18,"spread":-6,"v_offset":12,"h_offset":0,"inset":false,"enable":true,"color":{"color":"rgba(34, 56, 101, 0.04)"}},"boxed_content_spacing":{"desktop":{"top":"40px","bottom":"40px","left":"40px","right":"40px","linked":true},"tablet":{"top":"35px","bottom":"35px","left":"35px","right":"35px","linked":true},"mobile":{"top":"20px","bottom":"20px","left":"20px","right":"20px","linked":true}},"content_boxed_radius":{"top":"3px","bottom":"3px","left":"3px","right":"3px","linked":true},"b8fb7804e834ca123362e3b161cd920a":"","disable_featured_image":"no","disable_header":"no","disable_footer":"no","f396bf4996155689d053760501f1aefd":"","83699794514299dbb7663b3df513dd67":"","eb3430fb70db1051271a19f1f0e00f59":"","cc03da2d5539d1b88f1d5365393f7262":"","299c21519b7631e985c304fa770191ef":"","6c60a57358aac20e07a27e4d877e79a1":"","adfb01a0a046cf61c3ee57de3c76777e":"","4c30fa510e1e1e740874b14bdc9ac2e0":"","485ea7e125ee60e18a054eaa381b7d0c":"","8d86d7b1a550eeff47a6620d9cbe5750":"","e83399e3260809b3637588012264090e":"","27d2c17c575ce1b6cb79be050805b169":"","9551b9747df3a9152d3f23c4e0ed512f":"","7085c6189a94edbc54699ceacf073b4e":"","20fdbb966726e6f9baf54b652a19f409":"","94a849f42935bf16355a3bc3fec0d656":"","3dde082afba0551ab0c8bcdbd24e9b00":"","ba902f0764758867d6897778a3b35336":"","31da6dc7781f7d8d9ea70f47bf976ea4":"","7fbfb127e7c609a1acef4a0fd8318d40":"","3371c7c5e3b62ddc5fd089e4d069933b":"","a0e5c4b1534bcd14fa5466708f7d30b6":"","5bb60a976352bc284a61da9cd4cb317f":"","52c7d584738000d546eb8861664a3217":"","0beb455bde9957ac6d327d04eaf65a1f":"","27c217604734c0ff29d748e31e8ce34d":"","8777118ed029f9d3b29fa55b025b0c30":"","11a137e075322c626bc16fbd79c59f94":""},"featured_image_urls_v2":{"full":"","thumbnail":"","medium":"","medium_large":"","large":"","1536x1536":"","2048x2048":""},"post_excerpt_stackable_v2":"<p>VOLTAR PARA O SITE Question\u00e1rio de cadastro de experi\u00eancias de cuidados \u00e0 sa\u00fade REALIZADAS POR ATORES DA COMUNIDADES, MOVIMENTOS SOCIAIS OU ENTIDADES &nbsp; Verification Please enter any two digits with &lt;strong&gt;no&lt;\/strong&gt; spaces (Example: 12)* This box is for spam protection &#8211; &lt;strong&gt;please leave it blank&lt;\/strong&gt;: Submit Projeto Estrat\u00e9gia Sa\u00fade da Fam\u00edlia: di\u00e1logos, saberes e pr\u00e1ticas inovadoras e emancipat\u00f3rias em respostas \u00e0s necessidades sociais em sa\u00fade nos territ\u00f3rios do campo, da floresta e das \u00e1guas no Cear\u00e1\/Brasil, coordenado pela Funda\u00e7\u00e3o Oswaldo Cruz (Fiocruz Cear\u00e1), com o apoio dos Programas de Pol\u00edticas P\u00fablicas e Modelos de Aten\u00e7\u00e3o e Gest\u00e3o \u00e0 Sa\u00fade da&hellip;<\/p>\n","category_list_v2":"","author_info_v2":{"name":"alantygel","url":"https:\/\/ceara.fiocruz.br\/serpovos\/author\/alantygel\/"},"comments_num_v2":"0 coment\u00e1rio","acf":[],"yoast_head":"<!-- This site is optimized with the Yoast SEO plugin v27.3 - https:\/\/yoast.com\/product\/yoast-seo-wordpress\/ -->\n<title>Cadastro comunidades - SERPOVOS - Sa\u00fade, Cuidado e Saberes<\/title>\n<meta name=\"robots\" content=\"index, follow, max-snippet:-1, max-image-preview:large, max-video-preview:-1\" \/>\n<link rel=\"canonical\" href=\"https:\/\/ceara.fiocruz.br\/serpovos\/cadastro-comunidades\/\" \/>\n<meta property=\"og:locale\" content=\"pt_BR\" \/>\n<meta property=\"og:type\" content=\"article\" \/>\n<meta property=\"og:title\" content=\"Cadastro comunidades - SERPOVOS - Sa\u00fade, Cuidado e Saberes\" \/>\n<meta property=\"og:url\" content=\"https:\/\/ceara.fiocruz.br\/serpovos\/cadastro-comunidades\/\" \/>\n<meta property=\"og:site_name\" content=\"SERPOVOS - Sa\u00fade, Cuidado e Saberes\" \/>\n<meta property=\"article:modified_time\" content=\"2021-07-28T15:06:50+00:00\" \/>\n<meta name=\"twitter:card\" content=\"summary_large_image\" \/>\n<script type=\"application\/ld+json\" class=\"yoast-schema-graph\">{\"@context\":\"https:\\\/\\\/schema.org\",\"@graph\":[{\"@type\":\"WebPage\",\"@id\":\"https:\\\/\\\/ceara.fiocruz.br\\\/serpovos\\\/cadastro-comunidades\\\/\",\"url\":\"https:\\\/\\\/ceara.fiocruz.br\\\/serpovos\\\/cadastro-comunidades\\\/\",\"name\":\"Cadastro comunidades - SERPOVOS - Sa\u00fade, Cuidado e Saberes\",\"isPartOf\":{\"@id\":\"https:\\\/\\\/ceara.fiocruz.br\\\/serpovos\\\/#website\"},\"datePublished\":\"2021-05-18T22:34:16+00:00\",\"dateModified\":\"2021-07-28T15:06:50+00:00\",\"breadcrumb\":{\"@id\":\"https:\\\/\\\/ceara.fiocruz.br\\\/serpovos\\\/cadastro-comunidades\\\/#breadcrumb\"},\"inLanguage\":\"pt-BR\",\"potentialAction\":[{\"@type\":\"ReadAction\",\"target\":[\"https:\\\/\\\/ceara.fiocruz.br\\\/serpovos\\\/cadastro-comunidades\\\/\"]}]},{\"@type\":\"BreadcrumbList\",\"@id\":\"https:\\\/\\\/ceara.fiocruz.br\\\/serpovos\\\/cadastro-comunidades\\\/#breadcrumb\",\"itemListElement\":[{\"@type\":\"ListItem\",\"position\":1,\"name\":\"In\u00edcio\",\"item\":\"https:\\\/\\\/ceara.fiocruz.br\\\/serpovos\\\/\"},{\"@type\":\"ListItem\",\"position\":2,\"name\":\"Cadastro comunidades\"}]},{\"@type\":\"WebSite\",\"@id\":\"https:\\\/\\\/ceara.fiocruz.br\\\/serpovos\\\/#website\",\"url\":\"https:\\\/\\\/ceara.fiocruz.br\\\/serpovos\\\/\",\"name\":\"SERPOVOS - Sa\u00fade, Cuidado e Saberes\",\"description\":\"\",\"publisher\":{\"@id\":\"https:\\\/\\\/ceara.fiocruz.br\\\/serpovos\\\/#organization\"},\"potentialAction\":[{\"@type\":\"SearchAction\",\"target\":{\"@type\":\"EntryPoint\",\"urlTemplate\":\"https:\\\/\\\/ceara.fiocruz.br\\\/serpovos\\\/?s={search_term_string}\"},\"query-input\":{\"@type\":\"PropertyValueSpecification\",\"valueRequired\":true,\"valueName\":\"search_term_string\"}}],\"inLanguage\":\"pt-BR\"},{\"@type\":\"Organization\",\"@id\":\"https:\\\/\\\/ceara.fiocruz.br\\\/serpovos\\\/#organization\",\"name\":\"Serpovos - Fiocruz Cear\u00e1\",\"url\":\"https:\\\/\\\/ceara.fiocruz.br\\\/serpovos\\\/\",\"logo\":{\"@type\":\"ImageObject\",\"inLanguage\":\"pt-BR\",\"@id\":\"https:\\\/\\\/ceara.fiocruz.br\\\/serpovos\\\/#\\\/schema\\\/logo\\\/image\\\/\",\"url\":\"https:\\\/\\\/ceara.fiocruz.br\\\/serpovos\\\/wp-content\\\/uploads\\\/2021\\\/07\\\/selo_serpovos_negativo@300x-1-e1627405054964.png\",\"contentUrl\":\"https:\\\/\\\/ceara.fiocruz.br\\\/serpovos\\\/wp-content\\\/uploads\\\/2021\\\/07\\\/selo_serpovos_negativo@300x-1-e1627405054964.png\",\"width\":278,\"height\":261,\"caption\":\"Serpovos - Fiocruz Cear\u00e1\"},\"image\":{\"@id\":\"https:\\\/\\\/ceara.fiocruz.br\\\/serpovos\\\/#\\\/schema\\\/logo\\\/image\\\/\"}}]}<\/script>\n<!-- \/ Yoast SEO plugin. -->","yoast_head_json":{"title":"Cadastro comunidades - SERPOVOS - Sa\u00fade, Cuidado e Saberes","robots":{"index":"index","follow":"follow","max-snippet":"max-snippet:-1","max-image-preview":"max-image-preview:large","max-video-preview":"max-video-preview:-1"},"canonical":"https:\/\/ceara.fiocruz.br\/serpovos\/cadastro-comunidades\/","og_locale":"pt_BR","og_type":"article","og_title":"Cadastro comunidades - SERPOVOS - Sa\u00fade, Cuidado e Saberes","og_url":"https:\/\/ceara.fiocruz.br\/serpovos\/cadastro-comunidades\/","og_site_name":"SERPOVOS - Sa\u00fade, Cuidado e Saberes","article_modified_time":"2021-07-28T15:06:50+00:00","twitter_card":"summary_large_image","schema":{"@context":"https:\/\/schema.org","@graph":[{"@type":"WebPage","@id":"https:\/\/ceara.fiocruz.br\/serpovos\/cadastro-comunidades\/","url":"https:\/\/ceara.fiocruz.br\/serpovos\/cadastro-comunidades\/","name":"Cadastro comunidades - SERPOVOS - Sa\u00fade, Cuidado e Saberes","isPartOf":{"@id":"https:\/\/ceara.fiocruz.br\/serpovos\/#website"},"datePublished":"2021-05-18T22:34:16+00:00","dateModified":"2021-07-28T15:06:50+00:00","breadcrumb":{"@id":"https:\/\/ceara.fiocruz.br\/serpovos\/cadastro-comunidades\/#breadcrumb"},"inLanguage":"pt-BR","potentialAction":[{"@type":"ReadAction","target":["https:\/\/ceara.fiocruz.br\/serpovos\/cadastro-comunidades\/"]}]},{"@type":"BreadcrumbList","@id":"https:\/\/ceara.fiocruz.br\/serpovos\/cadastro-comunidades\/#breadcrumb","itemListElement":[{"@type":"ListItem","position":1,"name":"In\u00edcio","item":"https:\/\/ceara.fiocruz.br\/serpovos\/"},{"@type":"ListItem","position":2,"name":"Cadastro comunidades"}]},{"@type":"WebSite","@id":"https:\/\/ceara.fiocruz.br\/serpovos\/#website","url":"https:\/\/ceara.fiocruz.br\/serpovos\/","name":"SERPOVOS - Sa\u00fade, Cuidado e Saberes","description":"","publisher":{"@id":"https:\/\/ceara.fiocruz.br\/serpovos\/#organization"},"potentialAction":[{"@type":"SearchAction","target":{"@type":"EntryPoint","urlTemplate":"https:\/\/ceara.fiocruz.br\/serpovos\/?s={search_term_string}"},"query-input":{"@type":"PropertyValueSpecification","valueRequired":true,"valueName":"search_term_string"}}],"inLanguage":"pt-BR"},{"@type":"Organization","@id":"https:\/\/ceara.fiocruz.br\/serpovos\/#organization","name":"Serpovos - Fiocruz Cear\u00e1","url":"https:\/\/ceara.fiocruz.br\/serpovos\/","logo":{"@type":"ImageObject","inLanguage":"pt-BR","@id":"https:\/\/ceara.fiocruz.br\/serpovos\/#\/schema\/logo\/image\/","url":"https:\/\/ceara.fiocruz.br\/serpovos\/wp-content\/uploads\/2021\/07\/selo_serpovos_negativo@300x-1-e1627405054964.png","contentUrl":"https:\/\/ceara.fiocruz.br\/serpovos\/wp-content\/uploads\/2021\/07\/selo_serpovos_negativo@300x-1-e1627405054964.png","width":278,"height":261,"caption":"Serpovos - Fiocruz Cear\u00e1"},"image":{"@id":"https:\/\/ceara.fiocruz.br\/serpovos\/#\/schema\/logo\/image\/"}}]}},"_links":{"self":[{"href":"https:\/\/ceara.fiocruz.br\/serpovos\/wp-json\/wp\/v2\/pages\/821","targetHints":{"allow":["GET"]}}],"collection":[{"href":"https:\/\/ceara.fiocruz.br\/serpovos\/wp-json\/wp\/v2\/pages"}],"about":[{"href":"https:\/\/ceara.fiocruz.br\/serpovos\/wp-json\/wp\/v2\/types\/page"}],"author":[{"embeddable":true,"href":"https:\/\/ceara.fiocruz.br\/serpovos\/wp-json\/wp\/v2\/users\/1"}],"replies":[{"embeddable":true,"href":"https:\/\/ceara.fiocruz.br\/serpovos\/wp-json\/wp\/v2\/comments?post=821"}],"version-history":[{"count":24,"href":"https:\/\/ceara.fiocruz.br\/serpovos\/wp-json\/wp\/v2\/pages\/821\/revisions"}],"predecessor-version":[{"id":2736,"href":"https:\/\/ceara.fiocruz.br\/serpovos\/wp-json\/wp\/v2\/pages\/821\/revisions\/2736"}],"wp:attachment":[{"href":"https:\/\/ceara.fiocruz.br\/serpovos\/wp-json\/wp\/v2\/media?parent=821"}],"curies":[{"name":"wp","href":"https:\/\/api.w.org\/{rel}","templated":true}]}}