{"id":1174,"date":"2021-12-08T16:22:25","date_gmt":"2021-12-08T19:22:25","guid":{"rendered":"https:\/\/ceara.fiocruz.br\/portal\/?page_id=1174"},"modified":"2022-02-04T14:15:54","modified_gmt":"2022-02-04T17:15:54","slug":"qualidade-e-biosseguranca","status":"publish","type":"page","link":"https:\/\/ceara.fiocruz.br\/portal\/index.php\/qualidade-e-biosseguranca\/","title":{"rendered":"Qualidade e Biosseguran\u00e7a"},"content":{"rendered":"\n<h1 class=\"wp-block-heading\" id=\"qualidade-na-fiocruz-ceara\">Qualidade na Fiocruz Cear\u00e1<\/h1>\n\n\n\n<p>Na Fiocruz Cear\u00e1 vem sendo implementado um Sistema de Gest\u00e3o da Qualidade (SGQ) integrado de car\u00e1ter propositivo e orientativo com intuito de atender aos requisitos da qualidade da ABNT NBR ISO 9001:2015, ado\u00e7\u00e3o de Boas Pr\u00e1ticas de Laborat\u00f3rio (BPL) e Boas Pr\u00e1ticas na Pesquisa Cient\u00edfica (BPPC), garantindo melhoria cont\u00ednua e confiabilidade aos processos, pesquisas e servi\u00e7os oferecidos pelo escrit\u00f3rio t\u00e9cnico.<\/p>\n\n\n\n<h3 class=\"wp-block-heading\" id=\"equipe\">Equipe<\/h3>\n\n\n\n<p><\/p>\n\n\n\n<div class=\"wp-block-columns is-layout-flex wp-container-core-columns-is-layout-9d6595d7 wp-block-columns-is-layout-flex\">\n<div class=\"wp-block-column is-layout-flow wp-block-column-is-layout-flow\">\n<p><strong>Respons\u00e1vel<\/strong><\/p>\n<p>Anna Carolina Machado Marinho<br>(85) 3215-6495<br><a href=\"mailto:anna.marinho@fiocruz.br\">anna.marinho@fiocruz.br<\/a><\/p>\n\n\n\n<p><strong>Qualidade na Pesquisa<\/strong><\/p>\n<p>Sarah Santanna Maranh\u00e3o<br>(85) 3215-6495<br><a href=\"mailto:sarah.maranhao@fiocruz.br\">sarah.maranhao@fiocruz.br<\/a><\/p>\n<p>Suelen Carneiro de Medeiros<br>(85) 3215-6495<br><a href=\"mailto:suelen.medeiros@fiocruz.br\">suelen.medeiros@fiocruz.br<\/a><\/p>\n\n\n\n<p><\/p>\n<\/div>\n\n\n\n<div class=\"wp-block-column is-layout-flow wp-block-column-is-layout-flow\">\n<p><strong>Qualidade na Gest\u00e3o<\/strong><\/p>\n<p>Clarice Gomes e Souza Dab\u00e9s<br>(85) 3215-6908<br><a href=\"mailto:clarice.dabes@fiocruz.br\" target=\"_blank\" rel=\"noopener noreferrer\" data-auth=\"NotApplicable\" data-linkindex=\"1\">clarice.dabes@fiocruz.br<\/a><\/p>\n\n\n\n<p><strong>Biosseguran\u00e7a<\/strong><\/p>\n<p>Ilana Carneiro Lisboa Magalh\u00e3es<br>(85) 3215-6431<br><a href=\"mailto:ilana.magalhaes@fiocruz.br\">i<\/a><a href=\"mailto:ilana.magalhaes@fiocruz.br\">lana.magalhaes@fiocruz.br<\/a><\/p>\n<\/div>\n<\/div>\n\n\n\n<hr class=\"wp-block-separator\"\/>\n\n\n\n<h1 class=\"wp-block-heading\" id=\"biosseguranca\">Biosseguran\u00e7a<\/h1>\n\n\n\n<p>A Comiss\u00e3o Interna de Biosseguran\u00e7a (CIBio), estabelecida mediante Portaria 003\/2019, possui reuni\u00f5es sistem\u00e1ticas a fim de implementar requisitos de biosseguran\u00e7a e criar a\u00e7\u00f5es com foco na preven\u00e7\u00e3o, mitiga\u00e7\u00e3o ou elimina\u00e7\u00e3o de riscos inerentes \u00e0s atividades que possam afetar a sa\u00fade humana, animal e o meio ambiente. A CIBio atua no monitoramento das atividades de pesquisa envolvendo Organismos Geneticamente Modificados (OGM) e seus derivados. A Fiocruz CE possui o Certificado de Qualidade em Biosseguran\u00e7a (CQB) para os laborat\u00f3rios que est\u00e3o envolvidos com OGM e derivados.<\/p>\n\n\n\n<h3 class=\"wp-block-heading\" id=\"comissao\">Comiss\u00e3o<\/h3>\n\n\n\n<p><\/p>\n\n\n\n<div class=\"wp-block-columns is-layout-flex wp-container-core-columns-is-layout-9d6595d7 wp-block-columns-is-layout-flex\">\n<div class=\"wp-block-column is-layout-flow wp-block-column-is-layout-flow\">\n<p><strong>Presidente da CIBio<\/strong><\/p>\n<p>Dr. Gilvan Pessoa Furtado <br>Pesquisador em Sa\u00fade P\u00fablica&nbsp;<br>(85) 3215-6490<br><a href=\"mailto:gilvan.furtado@fiocruz.br\">gilvan.furtado@fiocruz.br<\/a><\/p>\n\n\n\n<p><strong>Membro da CIBio<\/strong><\/p>\n<p>Dra. Carla Freire Celedonio Fernandes <br>Pesquisador em Sa\u00fade P\u00fablica<br>(85) 3215-6478<br><a href=\"mailto:carla.celedonio@fiocruz.br\" target=\"_blank\" rel=\"noopener noreferrer\" data-auth=\"NotApplicable\" data-linkindex=\"4\">carla.celedonio@fiocruz.br<\/a><\/p>\n\n\n\n<p><strong>Membro da CIBio<\/strong><\/p>\n<p>MSc. Anna Carolina Machado Marinho <br>Pesquisadora em Sa\u00fade P\u00fablica<br>(85) 3215-6495<br><a href=\"mailto:anna.marinho@fiocruz.br\" target=\"_blank\" rel=\"noopener noreferrer\" data-auth=\"NotApplicable\" data-linkindex=\"6\">anna.marinho@fiocruz.br<\/a><\/p>\n<\/div>\n\n\n\n<div class=\"wp-block-column is-layout-flow wp-block-column-is-layout-flow\">\n<p><strong>Vice-Presidente da CIBio<\/strong><\/p>\n<p>Dra. Marcela Gambim Fonseca <br>Tecnologista em Sa\u00fade P\u00fablica<br>Telefone: 85 32156955<br><a href=\"mailto:marcela.gambim@fiocruz.br\">marcela.gambim@fiocruz.br<\/a><\/p>\n\n\n\n<p><strong>Membro da CIBio<\/strong><\/p>\n<p>Dra. Clarissa Romero Teixeira<br>Pesquisadora em Sa\u00fade P\u00fablica<br>(85) 3215-6491<br><a href=\"mailto:clarissa.teixeira@fiocruz.br\" target=\"_blank\" rel=\"noopener noreferrer\" data-auth=\"NotApplicable\" data-linkindex=\"5\">clarissa.teixeira@fiocruz.br<\/a><\/p>\n<\/div>\n<\/div>\n\n\n\n<p><\/p>\n","protected":false},"excerpt":{"rendered":"<p>Qualidade na Fiocruz Cear\u00e1 Na Fiocruz Cear\u00e1 vem sendo implementado um Sistema de Gest\u00e3o da Qualidade (SGQ) integrado de car\u00e1ter propositivo e orientativo com intuito de atender aos requisitos da qualidade da ABNT NBR ISO 9001:2015, ado\u00e7\u00e3o de Boas Pr\u00e1ticas de Laborat\u00f3rio (BPL) e Boas Pr\u00e1ticas na Pesquisa Cient\u00edfica (BPPC), garantindo melhoria cont\u00ednua e confiabilidade [&hellip;]<\/p>\n","protected":false},"author":1,"featured_media":1395,"parent":0,"menu_order":6,"comment_status":"closed","ping_status":"closed","template":"management-template.php","meta":{"footnotes":""},"class_list":["post-1174","page","type-page","status-publish","has-post-thumbnail","hentry"],"_links":{"self":[{"href":"https:\/\/ceara.fiocruz.br\/portal\/index.php\/wp-json\/wp\/v2\/pages\/1174","targetHints":{"allow":["GET"]}}],"collection":[{"href":"https:\/\/ceara.fiocruz.br\/portal\/index.php\/wp-json\/wp\/v2\/pages"}],"about":[{"href":"https:\/\/ceara.fiocruz.br\/portal\/index.php\/wp-json\/wp\/v2\/types\/page"}],"author":[{"embeddable":true,"href":"https:\/\/ceara.fiocruz.br\/portal\/index.php\/wp-json\/wp\/v2\/users\/1"}],"replies":[{"embeddable":true,"href":"https:\/\/ceara.fiocruz.br\/portal\/index.php\/wp-json\/wp\/v2\/comments?post=1174"}],"version-history":[{"count":19,"href":"https:\/\/ceara.fiocruz.br\/portal\/index.php\/wp-json\/wp\/v2\/pages\/1174\/revisions"}],"predecessor-version":[{"id":1396,"href":"https:\/\/ceara.fiocruz.br\/portal\/index.php\/wp-json\/wp\/v2\/pages\/1174\/revisions\/1396"}],"wp:featuredmedia":[{"embeddable":true,"href":"https:\/\/ceara.fiocruz.br\/portal\/index.php\/wp-json\/wp\/v2\/media\/1395"}],"wp:attachment":[{"href":"https:\/\/ceara.fiocruz.br\/portal\/index.php\/wp-json\/wp\/v2\/media?parent=1174"}],"curies":[{"name":"wp","href":"https:\/\/api.w.org\/{rel}","templated":true}]}}